2 - 13*h + 2. Let t be f(-11). Calculate the highest common factor of 29 and t.
29
Let f(w) = w**3 - 7*w**2 + 8*w - 6. Let z be f(6). What is the highest common divisor of 42 and z?
6
Let i = -1 - -11. Let t = -7 + i. Suppose -378 = -0*d - t*d. What is the highest common factor of 18 and d?
18
Suppose -w + 96 = 3*w. Let z(y) = y**2 - 7*y - 5. Let t be z(8). Calculate the greatest common factor of t and w.
3
Let v be -2 + (-8)/(-2) - -1. Suppose -v*i + 10 = -17. Let z be 4/(-6) + 60/i. What is the greatest common divisor of z and 30?
6
Let q(h) = 2*h - 8. Let d be q(22). What is the greatest common factor of d and 4?
4
Let j(z) = z**3 + 5*z**2 - z - 1. Let p be j(-5). Suppose -8 = -2*t, 3*t + 2*t = p*a - 560. What is the greatest common factor of a and 29?
29
Let n = 14 + -9. Let z = 8 - n. Calculate the highest common factor of 24 and z.
3
Suppose 0 = n + 3*o + 3, n - 56 = -2*n + 4*o. Suppose -120 = -h - 4*h. Calculate the highest common factor of h and n.
12
Suppose 4*v - 15 = 9. What is the greatest common divisor of v and 2?
2
Suppose 0 = 4*n - 8. Calculate the greatest common factor of 16 and n.
2
Let d = -148 - -184. What is the highest common factor of d and 12?
12
Let b = -60 + 90. Suppose 3*z = -k + 4, -4*z = -k + 4*k - 22. Suppose -k = -2*h - 5*x, 6*h - 2*h - 4*x = 48. What is the greatest common factor of b and h?
10
Suppose 73 = 2*g - 33. Suppose 0 = -2*f + 55 - 21. Let t = f + g. Calculate the greatest common factor of t and 28.
14
Let d = 92 - 59. Let q be d + 10 - (1 - 3). Calculate the greatest common divisor of 9 and q.
9
Let f be (-3)/2*2*-7. Suppose 2*s = f - 17. What is the highest common factor of 18 and s?
2
Let a(s) be the second derivative of s**3/6 + 7*s**2 - 3*s. Let k be a(0). Calculate the greatest common factor of 2 and k.
2
Let n = -4 + 3. Let g(t) = 3*t**2 + 2*t + 1. Let h be g(n). Calculate the highest common factor of h and 2.
2
Let s(v) = v + 8. Let b be s(-6). Suppose 2*g = 10, 4*u + 2*g = -0*u - b. Let h be (-12)/u + 0 + -1. What is the highest common divisor of h and 30?
3
Let q = -93 - -243. Calculate the highest common divisor of 60 and q.
30
Suppose 0*c - 5*t = -c - 24, c + 4 = t. What is the highest common factor of 4 and c?
1
Suppose 3*d = d. Let l be 38 - 2/(-1) - d. Let j be 14/(-63) - l/(-18). Calculate the greatest common factor of 4 and j.
2
Let x be 2424/15 - ((-4)/(-10))/(-1). What is the highest common divisor of 6 and x?
6
Suppose 4*k = -6*k + 800. What is the highest common divisor of 60 and k?
20
Let u = -16 - -3. Let y = u - -23. What is the highest common factor of y and 20?
10
Suppose 2*k - 22 = 5*y, y = -0*k + 3*k - 59. Let h(u) = u**2 + 5*u + 1. Let m be h(-6). What is the greatest common divisor of m and k?
7
Let v = 4 + -5. Let o be ((-64)/(-10))/(v/(-5)). Calculate the greatest common divisor of 16 and o.
16
Let a be 1*((-9 - 4) + 0). Let z = 28 + a. Calculate the highest common divisor of 45 and z.
15
Suppose 0 = -i + 60 - 15. Suppose 0 = -x - 5*c + 14, -2*x + 23 - 2 = 3*c. What is the highest common factor of x and i?
9
Suppose -3 = 2*f - 9, 3*b - 2*f - 186 = 0. Let g = -190 + b. Let w be g*(1 - 9/6). What is the highest common factor of w and 21?
21
Suppose -7*d + 27 = -4*d. What is the highest common factor of d and 27?
9
Let a = 115 - 31. Calculate the highest common factor of a and 12.
12
Let t = -103 - -160. Calculate the highest common divisor of 19 and t.
19
Suppose -t - 10 = -29. What is the highest common divisor of t and 19?
19
Let a(m) = 12*m**2 + 14*m - 2. Let r be a(-2). Let n = -2 + 1. Let v = 1 - n. What is the highest common divisor of v and r?
2
Let f = -92 - -94. Calculate the highest common factor of 1 and f.
1
Let c(s) = s**2 + s - 8. Let v = 0 - 9. Let r be c(v). Calculate the highest common divisor of r and 16.
16
Let g = 195 + -99. What is the highest common factor of 12 and g?
12
Let p = 4 - 1. Let x = -1 + p. What is the highest common factor of x and 6?
2
Suppose -2*p - 4 = -6*p, 0 = -3*c + 5*p + 55. Calculate the greatest common divisor of c and 80.
20
Let z be (-11)/((2/(-1))/10). Let n be (35/(-10))/(-7)*10. Calculate the highest common factor of z and n.
5
Let m be (-234)/(-15) + 4/10. Let p(r) = r**2 + 17*r + 46. Let q be p(-15). Calculate the greatest common divisor of q and m.
16
Suppose 2*x - 3*u = -5*u - 2, 4*u = 4*x - 20. Let q be -2 + x + -1 - -46. Calculate the highest common factor of 5 and q.
5
Let q(t) = 10*t**2 - 3*t + 3. Let g be q(5). Let m = -118 + g. Calculate the highest common factor of 15 and m.
15
Let i(x) = 10*x + 1. Let o be i(2). What is the highest common factor of o and 147?
21
Let f = -13 - -18. Suppose 3*k + k - f*n = 43, 1 = n. Calculate the highest common factor of 84 and k.
12
Let u = -7 - -12. Let r = 3 + u. Suppose 0 = 4*q - 120 - 104. What is the highest common divisor of r and q?
8
Let s(y) = -2*y**3 - 35*y**2 - 18*y + 10. Let h be s(-17). Calculate the highest common factor of h and 18.
9
Suppose -314 + 110 = -2*c + r, 92 = c + 2*r. Calculate the highest common divisor of c and 40.
20
Let s = -186 - -276. Calculate the highest common factor of 10 and s.
10
Let r = 71 - 26. Suppose 2*u - 7 = 3. Calculate the highest common divisor of u and r.
5
Let g be (0/(-1))/(0 + 1). Let o be (-14)/(-28)*(g + 48). Let n(c) = c**3 - 3*c**2 + 5*c. Let t be n(4). Calculate the greatest common divisor of o and t.
12
Suppose -8*g = -13*g + 285. Calculate the highest common factor of g and 76.
19
Suppose 0 = 2*m - 10, -176 = -4*a + m + 11. Calculate the highest common factor of 12 and a.
12
Suppose 2*b = j + 2*j - 4, -3*j + 3*b = -6. Suppose j*r = 5*r - 210. What is the greatest common divisor of 6 and r?
6
Let o(i) = -i + 9. Suppose -2*w = -3 - 11. Let f be o(w). Suppose -4*k - 4 = -2*z, -4*z = 2*k - 4*k - 8. Calculate the highest common divisor of z and f.
2
Let y be 4/(-6) - 4/(-6). Suppose 3*s - 135 = -y*s. Calculate the highest common divisor of s and 5.
5
Let c = -162 - -164. What is the greatest common divisor of c and 1?
1
Let t = 1112 - 628. Calculate the greatest common divisor of 44 and t.
44
Let r(b) be the first derivative of -b**2/2 + 8*b - 1. Let f be r(7). Let x be -2 + f - (-1 - 108). What is the highest common factor of x and 12?
12
Let r be 18 + -1 + 2 - -1. Let h = r + -12. Let y be 1/3 + h/3. What is the greatest common divisor of y and 21?
3
Let q = 37 + -22. What is the highest common factor of q and 45?
15
Let s = 98 - 38. Calculate the highest common factor of s and 12.
12
Let o be 5*2*22/4. Suppose -q + 3*a + 2 = 0, 5*a = 3*q + a - 11. Calculate the greatest common divisor of o and q.
5
Let y be 3 + (-4 - 1) - -24. Let d(c) = 54*c**3 + c. Let n be d(1). Calculate the greatest common factor of n and y.
11
Suppose 3*l + g - 29 = 93, 5*l = 5*g + 190. What is the greatest common divisor of 5 and l?
5
Suppose -3*u = x + 5, u - 3*u + x = 10. Let i be 1/u + 102/9. Suppose -3*w = 9, -2*g + 0*g + 2*w = -116. Calculate the highest common divisor of g and i.
11
Let i be -19*1*-1 + -1. Suppose 2*z - i = -z. Suppose z*r - 120 = 2*r. Calculate the greatest common factor of 45 and r.
15
Let k = 8 - -11. Suppose -i = -k - 3. Suppose -3*a + i = 1. What is the greatest common divisor of 28 and a?
7
Let s = 9 + -5. Suppose -o + 85 = s*o. Let b = -12 + o. What is the highest common divisor of 40 and b?
5
Let o = 552 - 331. Suppose 3*r + o = 5*y, -2*y = r + r - 98. Calculate the greatest common factor of y and 115.
23
Suppose 0 = 2*c - 18 + 6. Suppose h + c = -4*f, -4*f = h - 3*h + 24. Suppose -h + 36 = 5*j. Calculate the highest common factor of j and 12.
6
Suppose -5*a - 2*m = -26, 2*m + 31 = 4*a + 7*m. Suppose a*z = z + 21. What is the greatest common factor of 21 and z?
7
Let h(z) = 122*z**3 - 3*z**2 + 2*z. Let i be h(2). Let m be i/18 - (-2)/9. Let j = 17 + 1. What is the highest common factor of m and j?
18
Let i(k) = k**3 + 13*k**2 - k - 9. Let f be i(-13). Calculate the greatest common divisor of f and 4.
4
Let m(u) = -u - 6. Suppose 5*x - 78 = -8. Suppose q + a + x = 0, q + 2*q + 50 = -5*a. Let i be m(q). What is the highest common divisor of 28 and i?
4
Let l(f) = -f. Let d be l(0). Let o = -11 - -14. Suppose -2*w + o*w - 8 = d. Calculate the highest common factor of w and 4.
4
Let i = -15 + 31. What is the highest com